 3*i + 18. Suppose -24*y + 6 = -25*y. Let m be p(y). Suppose 0*u + 6*u - 9942 = m. Is u a prime number?
True
Let q be -86*-2*(-1)/(-4). Suppose -c + q = 3*x + x, x + 4*c = 7. Suppose 3528 = x*z - 5591. Is z prime?
True
Suppose 5 = 5*f, 2*f - 785760 = -22*b + 21*b. Is b a prime number?
False
Suppose 4*z - 2*z = 5*t - 38, 3 = z + 3*t. Is (4443/z)/(8 + (-175)/21) prime?
True
Is (-2)/9*1012833/(-38) composite?
False
Suppose -5 = -a, 5*a + 266375 = 4*c - 95348. Is c a composite number?
False
Suppose -6*h + 5 = -11*h. Let b be ((h*2)/(-2))/((-16)/(-64)). Suppose 2890 + 2442 = b*n. Is n a prime number?
False
Let y(b) = b**2 - 15*b + 55. Let i be y(6). Let c(w) = 372*w**3 - 4*w**2 + w + 2. Is c(i) a composite number?
True
Suppose n - 25 + 113 = -5*r, -2*n + 4*r - 232 = 0. Let b(y) = y**2 + 35*y + 65. Let q be b(-42). Let c = n + q. Is c a prime number?
True
Let q = 26566 + -3695. Is q composite?
False
Let l = -33456 + 91860. Is 84/(-60) + l/10 prime?
True
Let j(v) = 1583*v**2 - 32*v - 54. Is j(29) composite?
False
Suppose 0*g - 3*b = 4*g - 28772, -g + 5*b + 7193 = 0. Suppose 3*v - 3*a - 4129 = g, -2*a - 18885 = -5*v. Suppose -2*i + 1311 = -v. Is i a prime number?
False
Suppose -83150 = -31*f + 343224. Let z = f + -9401. Is z a prime number?
False
Let n = 543124 + -232901. Is n a prime number?
True
Let u be ((-101116)/(-16))/((-1)/4). Let o = -16040 - u. Is o prime?
True
Let a = -22617 - -33856. Is a a composite number?
False
Let d(s) = -1717*s - 1957. Is d(-18) a prime number?
True
Let y = 1117454 - 761409. Is y a prime number?
False
Is (((-12)/9)/(0 + 2))/((-8)/4704684) a composite number?
True
Suppose 0 = -173*t - 97330 - 19272. Let g be (-2290)/(-2) - (4 + -2). Let p = t + g. Is p composite?
True
Is (-1235860)/(-18) - 13/(-117) a prime number?
True
Suppose 4656 = -d - 5*d. Is (-28 - d) + 1 + -4 prime?
False
Suppose -18*a + 3*a + 18690 = 0. Let m = a + 1833. Is m a composite number?
False
Suppose 8*c + 10 = -22. Is 25461/36 - (-5)/c - -1 prime?
False
Let i(h) = 3*h**3 - h**2 + 1. Let a(z) = 12*z**3 - 8*z**2 - 15*z + 94. Let d(x) = a(x) - 6*i(x). Is d(-17) a prime number?
True
Suppose 61821 = 65*z - 64*z + f, 3*f - 61817 = -z. Is z a prime number?
False
Suppose 8*w + 28*w = 8*w + 283444. Is w composite?
True
Let l be (-4)/2*(-31)/(-2). Suppose 4*c + 946 = 350. Let d = l - c. Is d prime?
False
Let o(d) = -118*d - 1281. Is o(-41) prime?
True
Suppose 0 = u, 2*y + u = y + 2. Suppose 0 = -o + 2*z + 5, -4*o + 2*z + 0*z + y = 0. Is o - (4 - 11*252) a composite number?
False
Let n(u) = 34*u**2 - 166*u + 1. Is n(-36) prime?
False
Let n(f) = -4*f**2 + 10*f. Let c be n(2). Suppose -2*h = c*h - 48. Suppose -7*g + h*g - 253 = 0. Is g a composite number?
True
Suppose 2*v + 4*p = 42365 + 22577, 5*p = 3*v - 97479. Is v a prime number?
False
Suppose -1069*h = -1072*h - i + 1425979, 5*h - 2376629 = -3*i. Is h prime?
True
Let x(n) = -114*n**3 - 4*n**2 + 9*n + 23. Is x(-4) prime?
True
Let s = -53 + 51. Let t(c) = -21*c**2 + 4*c + 5. Let i be t(s). Is (-247)/26*(i + 1) composite?
True
Let l be (-27372)/(-39) - 16/(-104). Let k = l + -1339. Let p = k - -1178. Is p composite?
False
Suppose 0*i - 5*a = i - 207372, -2*i - 2*a = -414736. Is i composite?
False
Let t be (36/6)/((-3)/(-2)). Let z be (-4)/18 - (-50)/225. Suppose t*j + 426 = 5*j + 5*u, z = -2*j + 5*u + 927. Is j composite?
True
Let s = -138905 - -400414. Is s a prime number?
True
Suppose 4*c - 4*x - 190660 = 0, -3*c + x + 225914 - 82929 = 0. Let v = c + -33787. Is v composite?
False
Let i be (-10 - -40)/(6/448). Suppose -19*w = -18*w - 4. Suppose 0 = -l + 2, w*v - 2*l + 4*l - i = 0. Is v composite?
True
Let w = -258 - -266. Suppose 39*z - 92783 = w*z. Is z a prime number?
False
Let h(g) = -3986*g + 221. Is h(-10) a composite number?
True
Suppose -14*z = -4*z - 270. Suppose 32*d - z*d - 17330 = 0. Is d a composite number?
True
Is (-6)/(-15)*683115/6 a prime number?
True
Suppose 0 = 3*l + 10 - 1, 20 = w - l. Suppose m = w*m - 141104. Is m a prime number?
True
Let a = -225 + 232. Is (a/(35/(-2490)) + -5)*-3 composite?
True
Let g be (-56)/(-20) - (-3 - (-42)/15). Suppose 26245 = g*f + 2*f. Is f a composite number?
True
Let t = -9438 + 16553. Suppose 3*v + d = 13672, 4*d - 20772 = -3*v - t. Is v a prime number?
False
Let x(u) = -u**3 + 3*u**2 + 3*u + 8. Suppose 3*g = 4*b - 37, -2*b + 0*b = 5*g + 27. Let h be x(g). Let c = h + 785. Is c composite?
True
Suppose 2*v - 5*y + 10*y = 6537, 2*v - 6540 = -2*y. Is v a prime number?
True
Let f = -45 + 45. Let m be (-1 - f) + 4 + -5 - -206. Suppose 2*n = n, m = 4*p + n. Is p a prime number?
False
Let n = 665487 - 220288. Is n a prime number?
True
Suppose 0 = 5*o + o. Let p be o - (-1 - (-4)/(-2)). Is (p/(-2))/((-87)/27782) prime?
True
Is 1/((-28)/526928*12/(-42)) a composite number?
True
Suppose -4*b - 13 + 61 = 0. Let m = 26 - b. Let u = m + 113. Is u a composite number?
False
Let x be 2528/553 - 4/7. Suppose g - 408 = 689. Suppose -5*i = -x*i - g. Is i composite?
False
Let f be ((-12)/(-8))/((-12)/(-54376)). Suppose f = w - a + 1214, -12 = 3*a. Is w a prime number?
False
Let h(y) = 8*y - 116. Let r be h(15). Suppose x - g = -r*g + 3628, 0 = 3*x - g - 10894. Is x a prime number?
True
Let p be ((-4)/6)/((-3)/9). Let b be -2 - -7 - (-6 + 6). Suppose -2*j + b*c - 357 = -4*j, p*c = -10. Is j a prime number?
True
Suppose -2*o + 12 + 2 = 0. Let h be ((-230)/35 - -6)/((-1)/o). Suppose -4*x - 5*b = -0*b - 2761, -h*b = x - 682. Is x composite?
True
Let v = -34 + 36. Suppose -v*p - 5*q + 2*q - 314 = 0, 0 = -2*p - 4*q - 314. Let f = p + 376. Is f composite?
True
Is (-298734135)/(-525) - 4/10 prime?
False
Suppose -5*g = 3*v - 2224729, 0 = -4*v + 71*g - 67*g + 2966348. Is v prime?
False
Let p = 147 - 147. Suppose p = -v + 300 + 257. Is v a prime number?
True
Suppose -2731793 - 477353 = -127*p + 2674383. Is p prime?
True
Suppose 20*u + 87 = -303106 + 2649573. Is u composite?
False
Let b(m) = -483616*m + 3090. Is b(-2) composite?
True
Let g(s) = -3988*s - 9879. Is g(-127) a composite number?
True
Suppose -10*c + 13*c + 2256 = 0. Let g = c + 1483. Is g composite?
True
Suppose 5*s - 22 = -3*f, 0 = -48*f + 44*f + 16. Let t(p) = 274*p**2 - 1 + p + 0*p + 0*p. Is t(s) prime?
True
Is 26308*14*9/2520*235 composite?
True
Suppose 2137250 = -39*g + 14208058 + 9091021. Is g prime?
False
Let j(y) = -2647*y + 6. Let d = -53 - -42. Let l = d + 10. Is j(l) a composite number?
True
Let s = 1745 + 1610. Suppose 0 = 3*j + x - 0*x - 2014, -5*j + s = 2*x. Is j a composite number?
False
Suppose -t - 5*u + 7133 = 0, 2*t - 26*u - 14302 = -27*u. Is t a composite number?
True
Let j = -100 + 104. Suppose -11*m - j = -9*m. Is (m/3)/(12/(-12114)) a prime number?
True
Let x(o) = 4943*o - 678. Is x(19) composite?
False
Let d(s) = 25*s**2 + 3*s + 7. Let z be (1 - 20/15)*-36. Let f be d(z). Let u = 5124 - f. Is u a prime number?
True
Let j(p) = p**3 - 9*p**2 + 11*p - 18. Let s be j(8). Let x be (-1*1)/((6/s)/5). Let n(v) = -14*v**3 + 3*v**2 + 4*v - 4. Is n(x) prime?
True
Suppose -2*m = j - 4, 0 = -6*j + 10*j - 5*m - 16. Suppose 5*g + 10 = s, j*s + 4 = -2*g - s. Is g + (-20)/(-15) - 2643/(-9) a prime number?
True
Let z(l) = 802*l - 101. Suppose -13*k + 12*k + 6 = 0. Is z(k) prime?
False
Suppose 3*g + 14 = 4*g. Suppose -15*m = g*m - 19807. Is m composite?
False
Suppose 0 = -2*k + 3*s + 10, 3*k + s - 8 = -4. Let p(x) = 4 - 37*x + 15 + 16*x**k + 31*x + 8 - x**3. Is p(14) a composite number?
True
Let i(d) = -85*d**3 + 2*d**2 + 2*d - 2. Let c be i(2). Let m = 94 - 95. Is (-2 - (1 - c))/(0 + m) composite?
False
Let z = 1802 + -1204. Suppose -6*h + 1760 = -3346. Let w = h - z. Is w prime?
False
Is -4 - 3*((-5)/((-90)/916122))/(-1) composite?
True
Suppose -3*z - 19*z - 25*z + 2393381 = 0. Is z a composite number?
False
Let w = -31 - -69. Let g = w - 37. Is g + 1*568 - 4 a prime number?
False
Suppose -5*i - 3*s - 6 + 28 = 0, 16 = 4*s. Suppose -7*g + 4*g + 243 = 4*m, -i*m = 0. Suppose 118 = 2*o - d, -3*d - 199 + g = -2*o. Is o a prime number?
True
Let x(a) = -a**2 + 22*a - 33. Let u be x(16). Is 18/u + (-39471)/(-7) composite?
False
Let j be 2/14 + 16848/7. Let c = 3462 - j. Suppose 0 = 2*b + 4, c = w - 0*b - 3*b. Is w composite?
False
Let f be (10/3)/((-6)/(-9)). Suppose h - 5*z = 160, -4*h + 7*h - f*z - 470 = 0. Is h a prime numb